s 10011011 + -11001000001?
-10110100110
In base 13, what is -39225 - -2?
-39223
In base 3, what is -201000 - -10021?
-120202
In base 5, what is -1044403 + -34?
-1044442
In base 10, what is 103680 - -4?
103684
In base 4, what is 10111131 - 121?
10111010
In base 8, what is 24 - 6077?
-6053
In base 15, what is -32da + -9d?
-3388
In base 4, what is -10032231 - 1233?
-10100130
In base 15, what is 5d + -589?
-52b
In base 14, what is 2a - -2b255?
2b281
In base 7, what is 3 + 106232?
106235
In base 3, what is -22002 - -211102?
112100
In base 5, what is -123 + -211?
-334
In base 7, what is -3454 + -6?
-3463
In base 10, what is 4 - 1671419?
-1671415
In base 5, what is -30111411 - 3?
-30111414
In base 7, what is 4 + -5452523?
-5452516
In base 9, what is -30018 - -2?
-30016
In base 5, what is -242 + -20333?
-21130
In base 2, what is -10110010101011111 - 10001?
-10110010101110000
In base 11, what is -6652 - -7a?
-6583
In base 13, what is 261846 + -1?
261845
In base 9, what is 630 - -113?
743
In base 4, what is 30302202 + -23?
30302113
In base 8, what is 12125 + -1377?
10526
In base 5, what is 13 + -134104?
-134041
In base 4, what is -20330001 - 13?
-20330020
In base 9, what is -2 + -130184?
-130186
In base 16, what is 215 + -9c?
179
In base 4, what is 1020103 - 10?
1020033
In base 5, what is -124 - 3323140?
-3323314
In base 11, what is -1a44890 + -2?
-1a44892
In base 10, what is 455 + -299?
156
In base 5, what is 1342 - 33210?
-31313
In base 8, what is 1 - 273663?
-273662
In base 7, what is 43612 - 1?
43611
In base 16, what is -1d22f - -2?
-1d22d
In base 4, what is -232010 + -3?
-232013
In base 3, what is 11 - 1102221010?
-1102220222
In base 6, what is -50524 - 10?
-50534
In base 10, what is -1163 - -14?
-1149
In base 16, what is 3 - acb4?
-acb1
In base 8, what is -2 - 14363?
-14365
In base 6, what is -155 + 41424?
41225
In base 7, what is 14564 + -12?
14552
In base 14, what is 14c + -6aa?
-55c
In base 5, what is 2010402041 - 3?
2010402033
In base 5, what is -33210 - 240?
-34000
In base 11, what is -12a1065 + 4?
-12a1061
In base 11, what is 2 + -7844?
-7842
In base 7, what is 0 + -2600106?
-2600106
In base 10, what is 4 + -44798?
-44794
In base 14, what is 122a - 14c?
10bc
In base 10, what is -9 - -43609?
43600
In base 10, what is -12144 - -40?
-12104
In base 16, what is e - 1ab?
-19d
In base 14, what is -16 - b9?
-d1
In base 15, what is -872b + -9?
-8735
In base 13, what is 1a9 - 265?
-89
In base 16, what is -843c - -4?
-8438
In base 15, what is 6b1da - 6?
6b1d4
In base 8, what is 1620 + 101?
1721
In base 4, what is 1312 - -102000?
103312
In base 15, what is -25b35 + 0?
-25b35
In base 14, what is bd - -118d?
126c
In base 14, what is -413ad + -1?
-413b0
In base 8, what is -30 - -1573?
1543
In base 13, what is -773 - 29a?
-a40
In base 13, what is 295 - -106?
39b
In base 7, what is 1305 - 61?
1214
In base 2, what is -10 + 11000001100001101?
11000001100001011
In base 6, what is 43053 - 33?
43020
In base 16, what is 3 - 172a?
-1727
In base 12, what is 1b6 + 208a?
2284
In base 5, what is -30 - 202312?
-202342
In base 3, what is -101220 + 12202120?
12100200
In base 11, what is -946 + -438?
-1283
In base 11, what is -4 - 62274?
-62278
In base 10, what is 1279763 - 2?
1279761
In base 12, what is -21 - -7b?
5a
In base 5, what is -14214142 - -4?
-14214133
In base 4, what is 1103300 - 13?
1103221
In base 12, what is -3 + -4034?
-4037
In base 16, what is 4 + 271cd?
271d1
In base 6, what is -235420 + -2?
-235422
In base 10, what is -7 + -375?
-382
In base 2, what is -1100000010010011 - 1100?
-1100000010011111
In base 13, what is 5b - 10c?
-81
In base 11, what is 0 - -1028292?
1028292
In base 10, what is -3 + 10326?
10323
In base 16, what is 8 + -8d71?
-8d69
In base 8, what is 5 + 1665306?
1665313
In base 11, what is 32a + 53?
382
In base 11, what is 180a + -721?
1099
In base 2, what is -100011010101000101 - 0?
-100011010101000101
In base 7, what is -235115 + -3?
-235121
In base 11, what is 22 - -630a?
6331
In base 15, what is -dce + 0?
-dce
In base 5, what is 123 + -414?
-241
In base 14, what is 2 + -ca2b?
-ca29
In base 15, what is 24b4 - -114?
25c8
In base 9, what is -21380 - 218?
-21608
In base 15, what is -30c38 + 2c?
-30c0b
In base 16, what is -c + 144?
138
In base 11, what is 4 - -14441?
14445
In base 8, what is -10346 - 24?
-10372
In base 2, what is -10 - -1001111111001110000?
1001111111001101110
In base 15, what is -5b + -b4?
-120
In base 4, what is 210232 - 2133?
202033
In base 3, what is -1012100210221 + 12?
-1012100210202
In base 5, what is -10 - -3204420?
3204410
In base 7, what is -2411046 + 4?
-2411042
In base 3, what is 2 - -10022000110200?
10022000110202
In base 7, what is -5 + 204515?
204510
In base 8, what is -44634 - -5?
-44627
In base 7, what is 211 - 26646?
-26435
In base 11, what is -1980 - -68?
-1913
In base 16, what is e + -3c?
-2e
In base 5, what is 4 + -2110223?
-2110214
In base 16, what is -21058 - 4?
-2105c
In base 16, what is 20ae - 19?
2095
In base 11, what is 12331 + -12?
1231a
In base 15, what is 1 + 46d9?
46da
In base 11, what is -1000 + -623?
-1623
In base 3, what is -200112 - -11221111?
11020222
In base 9, what is 1527 - 1?
1526
In base 8, what is -17545 + -6?
-17553
In base 15, what is b040 + 5?
b045
In base 11, what is -2 - -269657?
269655
In base 3, what is 11 - 12121211120?
-12121211102
In base 16, what is -2e06 - 5?
-2e0b
In base 15, what is -63895 - 2?
-63897
In base 9, what is -21 - -6338?
6317
In base 15, what is -5 + 2318?
2313
In base 12, what is -3498 - 18?
-34b4
In base 2, what is 0 - -11101001010010111111?
11101001010010111111
In base 3, what is -200200202001212 - -1?
-200200202001211
In base 7, what is -125 + 44563?
44435
In base 3, what is 1022002 + -1010?
1020222
In base 9, what is -8841 + 4?
-8836
In base 14, what is -16cc6a - -5?
-16cc65
In base 14, what is -a16ab + -6?
-a16b3
In base 3, what is -111 + 1000121111?
1000121000
In base 8, what is -137 + 244?
105
In base 4, what is 1121123 - -13101?
1200230
In base 13, what is 479b - -18?
47b6
In base 7, what is -1 + -665011?
-665012
In base 13, what is 4 + 5b4088?
5b408c
In base 4, what is 322213 - 13011?
303202
In base 15, what is -205 + -12a?
-330
In base 6, what is 25211334 + -5?
25211325
In base 2, what is 1011110110101 - 0?
1011110110101
In base 9, what is -11288 + -42?
-11341
In base 10, what is -2923 - 668?
-3591
In base 2, what is 10011011110100011100 + -100?
10011011110100011000
In base 14, what is 8558a + 1?
8558b
In base 9, what is -33305 + -30?
-33335
In base 4, what is 223 - -1203011?
1203300
In base 10, what is -135 + 153?
18
In base 10, what is -10 + 136288?
136278
In base 13, what is -a0 - -5040?
4c70
In base 8, what is -4 + -235032?
-235036
In base 12, what is 25 - -10b19?
10b42
In base 11, what is 302a + 1a6?
3225
In base 8, what is -7132013 + 2?
-7132011
In base 15, what is 7d6 - 14?
7c2
In base 11, what is -4 + 3034?
3030
In base 12, what is -12534 - -5?
-1252b
In base 7, what is -22325 - 162?
-22520
In base 8, what is -5 + -61737?
-61744
In base 11, what is 276a9 - -1?
276aa
In base 4, what is -11332221 + -2?
-11332223
In base 11, what is 3 - 2a4899?
-2a4896
In base 4, what is 12010 - 1120?
10230
In base 7, what is -5 - 116365?
-116403
In base 4, what is 11123321 + 13?
11130000
In base 10, what is 44311 - 2?
44309
In base 15, what is -b7 + -806?
-8bd
In base 10, what is 12125 - -3?
12128
In base 10, what is 100681 - -2?
100683
In base 3, what is 11202010 + 221?
11210001
In base 15, what is -15cb1 - -b?
-15ca5
In base 15, what is 1 + -151b8?
-151b7
In base 13, what is -14 + 4b49?
4b35
In base 12, what is -3b2a + -32?
-3b60
In base 14, what is -11764a + 0?
-11764a
In base 14, what is -c067cc + 5?
-c067c7
In base 5, what is 33001312 + 4?
33001321
In base 2, what is -10100 - -1101010100?
1101000000
In base 10, what is 3 + -65143?
-65140
In base 9, what is 6371 + -102?
6268
In base 4, what is -33 + -3233330?
-3300023
In base 3, what is -10 + 1200202200020?
1200202200010
In base 2, what is 11 + 100001111001110?
100001111010001
In base 4, what is 132131 - -10?
132201
In base 15, what is 7a1 + 1ee?
9a0
In base 6, what is 5342 + 203?
5545
In base 15, what is -34 - 66d?
-6a2
In base 3, what is -10022200 + -121?
-10100021
In base 14, what is -7731 - 0?
-77